 the prime factors of p?
2, 3
Let n = 8 - 13. Let o = n - -17. Suppose 3*a - a = o. List the prime factors of a.
2, 3
Let y(u) = -u**3 - 9*u**2 - 11*u. Let r be ((-24)/(-10))/(15/(-50)). List the prime factors of y(r).
2, 3
Let t be (0 + (1 - 0))*12. What are the prime factors of (t/(-10))/3*-35?
2, 7
List the prime factors of 51 + (-4 + 7)/(-1).
2, 3
Let f = 276 + -135. What are the prime factors of f?
3, 47
Let h = 5 - 14. Suppose -5*d = -d + 56. Let n = h - d. List the prime factors of n.
5
Let w be ((-8)/12)/((-4)/18). Suppose 0 = -w*h + 66 + 21. List the prime factors of h.
29
Let u(q) = 5*q - 8. Let h(f) = 5*f - 7. Let w(d) = -7*h(d) + 6*u(d). What are the prime factors of w(-3)?
2
Let q = 4 + 1. Suppose g - 1 = -m, m - 2 - 23 = -q*g. What are the prime factors of g?
2, 3
Suppose 14*f = 9*f + 1430. List the prime factors of f.
2, 11, 13
Let c(i) = -10*i + 6*i - 9*i**2 - i**3 - 6*i - 8. Let g be c(-8). Let h = -4 + g. What are the prime factors of h?
2
Let m be (2/(-7))/((-1)/7). What are the prime factors of (-13)/(-4)*m*2?
13
Let t be -4*4*1/2. Let b = 6 + t. What are the prime factors of 19/2 - 3/b?
11
List the prime factors of 20/30 - 103/(-3).
5, 7
Let o = -33 - -51. Suppose -2*v + o + 30 = 0. List the prime factors of v.
2, 3
Suppose 0 = -5*a - 86 + 131. What are the prime factors of a?
3
Suppose 50*t = 52*t - 794. List the prime factors of t.
397
Let t(u) = 4*u - 4. Let y be t(5). Suppose -a + 2*g = 3*a - y, -g = -a + 3. Suppose a*q - 4 = -z + 54, 4*q + 5*z - 38 = 0. List the prime factors of q.
2, 3
Let j(c) = 2*c**3 + 28*c**2 + 17*c + 18. What are the prime factors of j(-13)?
3, 5
Let s be ((-40)/8)/((-1)/2). Let q = 9 + s. What are the prime factors of q?
19
Suppose 4*b + 7 = -6*r + r, -2*r - 12 = -3*b. Let v = -6 + 10. List the prime factors of b - -5 - (v + -6).
3
Let p = -7 + 10. Let y(o) = 4*o + 3 - o + 0*o**3 - o**p + o**2. List the prime factors of y(-2).
3
Suppose 0 = -9*j + 6*j + 255. Let m = j + -42. What are the prime factors of m?
43
Let f = 49 + -33. Suppose 5*d - f = 4. Suppose 56 = 5*t + 4*b, 4 = 4*t - d*b - 12. List the prime factors of t.
2
Let s(p) = 3*p + 19 + 3*p - 7*p. What are the prime factors of s(8)?
11
Suppose 0 = -5*g + 292 + 38. Suppose -2*t + g = t. What are the prime factors of t?
2, 11
Let u = -58 + 74. List the prime factors of u.
2
Suppose m = -5*s - 3*m + 13, -s - 1 = -m. List the prime factors of (s/(-2))/((-4)/168).
3, 7
Let s be ((-105)/18)/(2/(-12)). Let f = -17 - -33. Let r = s - f. What are the prime factors of r?
19
Suppose 28 = 2*j - 3*x + 6*x, 5*j = -2*x + 48. List the prime factors of ((-34)/j)/(1/(-8)).
2, 17
Suppose 35 = 3*r - 2*k + 3*k, 2*r = 2*k + 26. List the prime factors of r.
2, 3
Suppose 3*q - 5*q = 168. Let j be ((-7)/(-14))/((-2)/q). Let o = j - 11. List the prime factors of o.
2, 5
Suppose -3*c = 2*i + 3*i - 4, c = -2*i + 2. Suppose g = 4 - i. List the prime factors of g.
2
Let w = -38 - -76. Let p(m) = m**3 + 5*m**2 + 3*m + 2. Let y be p(-4). What are the prime factors of w/y - (-6)/9?
7
Let p(y) = -y. Let a be p(0). Let b be (20 + a)/(3 - 2). Let n = 34 - b. What are the prime factors of n?
2, 7
Suppose -10 = 5*d - 2*d - y, -d - 3*y + 10 = 0. Let o = 5 + d. Suppose -h - o + 15 = 0. What are the prime factors of h?
2, 3
Let j(y) = -y**2 + 10*y - 8. Let s be j(9). What are the prime factors of (18/2 - 2)/s?
7
Let q = 196 + -82. What are the prime factors of q?
2, 3, 19
Let r be 22/8 + 2/8. Let c be (-3)/r + (7 - 2). Suppose c*t + 18 = 2*o - 8, -4*o + 4*t = -40. List the prime factors of o.
7
Let g(t) be the third derivative of 0 + 1/3*t**3 + t**2 + 1/24*t**4 + 0*t. What are the prime factors of g(7)?
3
Let w = 17 - 5. Let a(z) = z - 9. Let f be a(12). Let q = w - f. List the prime factors of q.
3
What are the prime factors of (-2)/5 - 776/(-40)?
19
Let d(b) = -21*b**3 + 2*b**2 + 2*b + 1. Let m be d(-1). Let c = m - 7. What are the prime factors of c?
3, 5
Let x = 26 + -44. Let z be 0 + 2*(x - -1). What are the prime factors of z/(6/(-3)) + 2?
19
Let y = -192 - -607. List the prime factors of y.
5, 83
Let v(w) = -w**3 + w - 1. Suppose 4*d + 2 = -2. Let o(z) = -5*z**3 + 6*z**2 + 8*z + 2. Let b(h) = d*o(h) + 6*v(h). What are the prime factors of b(-6)?
2
Let o(h) = -h**2 + 11*h - 12. Let a be o(9). What are the prime factors of 238/6 + (-4)/a?
3, 13
Let g = 5 - -32. Let d = g - 25. List the prime factors of d.
2, 3
Let y be 18/4*(-4)/(-3). Let p = -1 + y. Suppose 0 = -2*s - 5*d + 2, -2*s - 2*s = -p*d - 64. What are the prime factors of s?
11
Let i(h) = -h - 4. Let j(q) = -5. Let o(y) = -5*i(y) + 4*j(y). Let f be o(3). Suppose -f = -a - 4. What are the prime factors of a?
11
What are the prime factors of (-114)/4*(-4)/6?
19
Let n(o) be the third derivative of -o**4/12 + 2*o**3/3 - 2*o**2. Let i be n(-5). Suppose -6*r + i = -4*r. What are the prime factors of r?
7
Suppose 0 = 4*g - 496 + 188. List the prime factors of g.
7, 11
Let j = 112 - -9. List the prime factors of j.
11
Let d(h) = -4*h. Let l be d(3). Let u = 37 + l. What are the prime factors of u?
5
Let t(w) = w**2 - 3*w - 3. Suppose 20 = -0*h + 4*h. Let q be t(h). Let p(x) = -x**2 + 7*x + 7. List the prime factors of p(q).
7
List the prime factors of 160/8 + (0 - 9/3).
17
Let n(r) = -r**3 + 6*r**2 + 3. Let c be n(6). Let g be c/(-6)*0/(-1). Suppose h = -g*q + 3*q + 8, 3*h - 16 = 5*q. What are the prime factors of h?
2
Let r(k) = -k**2 - 26*k + 21. What are the prime factors of r(-12)?
3, 7
Let v = 289 + -173. List the prime factors of v.
2, 29
Suppose -m = -26 + 7. List the prime factors of m.
19
Let d = -41 - -57. Suppose a - d = -3*a. Suppose -44 + 12 = -a*q - 3*z, -2*z - 8 = 0. What are the prime factors of q?
11
Let n(l) = l**2 + 7*l + 1. Let b be n(-7). Let r be (1 + b)*-1 - -9. Let y(f) = -f**3 + 8*f**2 - 6*f + 9. List the prime factors of y(r).
2
Let v = -1 + 4. Suppose 67 = v*r - 65. Suppose k - r = -3*k. List the prime factors of k.
11
Let o be 426/9 + 4/(-12). Suppose 0 = 4*v - o - 41. List the prime factors of v.
2, 11
List the prime factors of 18/(-30) + (-516)/(-10).
3, 17
List the prime factors of (-10 - -7) + (-2 - -154).
149
Let v = 33 - 17. List the prime factors of v.
2
Let u be 0 + -2 + -5 + -17. What are the prime factors of (u/(-30))/(2/65)?
2, 13
Suppose 0 = -5*o + 8 + 17. Suppose -4*h = o*m - 265, -15 = -3*h - 0*h. List the prime factors of m.
7
Let d = 31 - -86. List the prime factors of d.
3, 13
Let r(z) = -z**3 + z + 6. Let s be r(0). Let y = s - 9. What are the prime factors of -3 + y/6*-14?
2
Let k(o) = o + 12. Let h be 1/(-3) - 68/12. What are the prime factors of k(h)?
2, 3
Let n be (-4)/16 + (-42)/(-8). Let o(t) be the second derivative of -t**5/20 + t**4/2 - t**3/3 + 3*t**2/2 + 2*t. List the prime factors of o(n).
2, 3
Suppose -2*j - 6 + 0 = 0, 5*f - j = 3. Suppose -b = -f*b - 3. What are the prime factors of b?
3
Suppose -3*y + 1 = -8. Suppose y*f + 5*c + 9 - 1 = 0, 0 = -3*f - 3*c - 12. Let h = 0 - f. List the prime factors of h.
2, 3
Suppose -4*j + 26 = 2*f, 4 + 22 = 3*j - 5*f. Suppose -j = -4*x + 1. List the prime factors of x.
2
Let w = -58 + 97. What are the prime factors of w?
3, 13
Let l = 47 + 5. What are the prime factors of (l/(-12) - -3)*-6?
2
Suppose 78 = 3*h - 3*c, -4*c + 142 = 5*h - 3*c. What are the prime factors of h?
2, 7
Suppose -r - 46 = -2*g + 3*r, -2*r - 107 = -5*g. What are the prime factors of g?
3, 7
Let o(t) = 13*t - 5. List the prime factors of o(6).
73
Suppose 5*r - r = 176. List the prime factors of r.
2, 11
Let p be 4*3 + (3 - 1). Let b = -9 + p. Suppose 5 = -b*d + 50. List the prime factors of d.
3
Suppose -2*u - 21 = 5*g, -5*u - 10 = 3*g + g. Suppose -4*t = -2*y - t - 2, -5*t + 2 = -4*y. Suppose 10 = y*q + u. What are the prime factors of q?
2
Let j(n) = 2*n - 4. Let z(y) = 2*y - 5. Let m(i) = -3*j(i) + 2*z(i). List the prime factors of m(-6).
2, 7
Let c(r) be the third derivative of 0*r + 1/4*r**4 + 0 - 1/60*r**5 + 2*r**2 + 1/3*r**3. List the prime factors of c(5).
7
Let d(f) = 3*f - 7*f**3 + 4*f**2 + 0*f**2 - 5*f**2. What are the prime factors of d(-2)?
2, 23
Let c be 232/(-10) - (-2)/10. Suppose 2*n + 0*n = 72. Let d = n + c. What are the prime factors of d?
13
Suppose -3*r + 1 + 11 = 0. Suppose r*s + s - 75 = 0. List the prime factors of s.
3, 5
What